2002 - -20?
-102201212
In base 5, what is 10 - -1022121?
1022131
In base 9, what is 48773 - -65?
48848
In base 13, what is 5 + 69?
71
In base 8, what is -220 - 704?
-1124
In base 13, what is 27 + 2394b?
23975
In base 8, what is 20 + 43503?
43523
In base 16, what is 6184 + 0?
6184
In base 4, what is -202 - -23231?
23023
In base 11, what is 0 + -989323?
-989323
In base 10, what is -4 - -2471?
2467
In base 7, what is 0 + 55133?
55133
In base 14, what is 2 - 27b51?
-27b4d
In base 11, what is 4 - -1882?
1886
In base 6, what is -2251 - 33?
-2324
In base 5, what is 4 - 10020104?
-10020100
In base 14, what is 100a - 4?
1006
In base 9, what is -205 + 11641?
11435
In base 14, what is -139 + 10dc?
da3
In base 2, what is 11111101111 - -100?
11111110011
In base 13, what is -3b7a9b + -4?
-3b7aa2
In base 15, what is 9 - 2e5?
-2db
In base 11, what is 15 - 27171?
-27157
In base 4, what is -1123133 + 33?
-1123100
In base 7, what is -2 + -52260?
-52262
In base 15, what is -3 + -ed917?
-ed91a
In base 16, what is -17ec2b + 3?
-17ec28
In base 12, what is -4 - -10033?
1002b
In base 12, what is 52 + -552?
-500
In base 5, what is -220 + 202421?
202201
In base 11, what is -3171 - 257?
-3418
In base 13, what is -503 - 297?
-79a
In base 12, what is -216 - 81?
-297
In base 16, what is -5 - c105?
-c10a
In base 14, what is bd + 86?
165
In base 2, what is 11 + -11111101000001101111?
-11111101000001101100
In base 6, what is -310 - -3152?
2442
In base 6, what is 1254425 - 113?
1254312
In base 14, what is bad - 37?
b76
In base 7, what is -1166 + 11222?
10023
In base 14, what is 7d - 151?
-b2
In base 9, what is 23416 + 4?
23421
In base 2, what is 101000000000011000 - -100?
101000000000011100
In base 10, what is 0 - 885323?
-885323
In base 4, what is -2 + 21331033?
21331031
In base 16, what is 8 + 6ece?
6ed6
In base 16, what is -2a81 - 4?
-2a85
In base 2, what is -10010101 + 10101111011?
10011100110
In base 14, what is -4 - 34ab3?
-34ab7
In base 11, what is 2 + 5403?
5405
In base 14, what is 0 + 3bc8?
3bc8
In base 8, what is 26240 - -2?
26242
In base 4, what is -10133303001 + 1?
-10133303000
In base 10, what is -5 - 5804?
-5809
In base 2, what is 10010101001110011000 + 10?
10010101001110011010
In base 6, what is -50 - -125412?
125322
In base 16, what is 3 + 4e0?
4e3
In base 13, what is -235 - -5?
-230
In base 9, what is 3 - -112423?
112426
In base 8, what is -14 - -5356?
5342
In base 11, what is -40637 + -19?
-40655
In base 15, what is a + 14e07?
14e12
In base 12, what is -719859 + -3?
-719860
In base 13, what is 3 - cac9?
-cac6
In base 16, what is -51b02 - -4?
-51afe
In base 16, what is -ae2 - -2d8?
-80a
In base 3, what is 10022012001211 + -10?
10022012001201
In base 4, what is 2313302203 + 3?
2313302212
In base 12, what is 286ab + 40?
2872b
In base 16, what is 40f + 3ee?
7fd
In base 6, what is 21 - 4451?
-4430
In base 15, what is 100866 + 0?
100866
In base 8, what is -720672 - 6?
-720700
In base 14, what is 1 - 1290?
-128d
In base 12, what is -19775 + 6?
-1976b
In base 2, what is -10 + -111000001100?
-111000001110
In base 14, what is 10d - -b?
11a
In base 15, what is -458 - -7e?
-3c9
In base 11, what is 230a8 - 16a?
22a39
In base 2, what is -11 - 11001000110011?
-11001000110110
In base 16, what is -81e - -b?
-813
In base 3, what is -201001 - 1002212?
-1210220
In base 11, what is 5819 + -85?
5744
In base 2, what is 1000 + 1100110001100?
1100110010100
In base 15, what is 1c0 - -c?
1cc
In base 10, what is 16 + 31485?
31501
In base 8, what is 4 - -37442?
37446
In base 7, what is -22 + -34640?
-34662
In base 6, what is 3 - 14402?
-14355
In base 5, what is -4041231 + 2?
-4041224
In base 4, what is 111022122 + 110?
111022232
In base 3, what is -101112120 + -202022?
-102021212
In base 13, what is 4a70 + 5?
4a75
In base 11, what is -3358 + 6?
-3352
In base 6, what is 30243155 + -3?
30243152
In base 5, what is 344 - -324?
1223
In base 3, what is -12012211110 + -10?
-12012211120
In base 4, what is 3 - -1311201?
1311210
In base 3, what is -11121 + 2211002?
2122111
In base 5, what is 23 + 1343342?
1343420
In base 2, what is -11 - 110000101011000001111?
-110000101011000010010
In base 4, what is 122121320121 - -11?
122121320132
In base 6, what is 2513 + 1211?
4124
In base 4, what is 221 - 31300?
-31013
In base 16, what is -c7b4 - -f?
-c7a5
In base 9, what is 2 + 10416?
10418
In base 15, what is -261 + -b48?
-da9
In base 6, what is 13504 + 24132?
42040
In base 12, what is -14 - -2253?
223b
In base 2, what is -10011110010101001 + 11?
-10011110010100110
In base 16, what is -200 - -fd?
-103
In base 7, what is 141532 + -20?
141512
In base 14, what is -5 + 15a83?
15a7c
In base 7, what is 102 - 12535?
-12433
In base 2, what is -10 + 10010100010110?
10010100010100
In base 14, what is -d - a5d97?
-a5da6
In base 5, what is 1310134 + 0?
1310134
In base 5, what is 330 + -3330?
-3000
In base 9, what is 248 - 265?
-16
In base 16, what is -51 + 279?
228
In base 12, what is -5 - 162ab?
-162b4
In base 8, what is 50451 + -4?
50445
In base 5, what is -1 + -11124443?
-11124444
In base 6, what is 0 - -35302153?
35302153
In base 7, what is -2414536 - 3?
-2414542
In base 5, what is 1104 + -134134?
-133030
In base 16, what is 48 + -450a?
-44c2
In base 15, what is -1 - -24854?
24853
In base 14, what is -b834 - -10?
-b824
In base 15, what is -1d74 + 32?
-1d42
In base 6, what is -2325 + 34?
-2251
In base 5, what is 1414 - -104?
2023
In base 6, what is 3242103 + 10?
3242113
In base 12, what is 4 - -1242b9?
124301
In base 10, what is 8 - 15800?
-15792
In base 6, what is 43 - -5243?
5330
In base 8, what is 13627 - 311?
13316
In base 12, what is 1325 + 8?
1331
In base 6, what is 5 + 14144?
14153
In base 7, what is -52 - -4?
-45
In base 15, what is 1973 + a?
197d
In base 6, what is -3050 - 12045?
-15135
In base 16, what is -3 - -339b?
3398
In base 5, what is 343 + -224234?
-223341
In base 12, what is b36a + 40?
b3aa
In base 8, what is -3 + -36057?
-36062
In base 3, what is 11010201 + -121?
11010010
In base 16, what is -1 + ed0a?
ed09
In base 3, what is -100220 - 2120222?
-2221212
In base 7, what is -6313602 + 2?
-6313600
In base 9, what is -55041 + 10?
-55031
In base 7, what is -2 - 3325040?
-3325042
In base 2, what is 1001010011 + 1001000100100?
1010001110111
In base 11, what is -1 - 4381?
-4382
In base 8, what is 304 - -1613?
2117
In base 8, what is 66406 - 1?
66405
In base 9, what is -2455 + -436?
-3002
In base 11, what is -12862 + 1?
-12861
In base 8, what is 4 + 602243?
602247
In base 3, what is 2012 + -1020222001?
-1020212212
In base 14, what is 148 + 20c3?
222b
In base 8, what is 53236 + -5?
53231
In base 6, what is 3 + -133225?
-133222
In base 5, what is -1 + 322412?
322411
In base 12, what is 1 + 125a9?
125aa
In base 4, what is 3303123 - -11?
3303200
In base 4, what is 11122 + -1222222?
-1211100
In base 13, what is -37634 - 4?
-37638
In base 7, what is 4624 + -232?
4362
In base 9, what is -680771 + -1?
-680772
In base 9, what is -448 - -451?
2
In base 3, what is 112 + -122102?
-121220
In base 7, what is -351 - -40323?
36642
In base 6, what is -110 - 1444211?
-1444321
In base 15, what is 63c + b?
648
In base 7, what is 3206324 - -5?
3206332
In base 4, what is -11313203002 + -2?
-11313203010
In base 2, what is 0 + 11000000000001010?
11000000000001010
In base 14, what is 92 + b74?
c26
In base 8, what is -471 + 10?
-461
In base 11, what is -4a9 - -220?
-289
In base 2, what is 110110011100011 + -10?
110110011100001
In base 7, what is 126133 - -5?
126141
In base 13, what is -1 + 30493?
30492
In base 5, what is 34302420 + 4?
34302424
In base 12, what is 7 - 4410?
-4405
In base 15, what is 7080d - 6?
70807
In base 13, what is -68450 + -3?
-68453
In base 15, what is -23a9 - 4?
-23ad
In base 12, what is 768a0 - 7?
76895
In base 4, what is 2202 + -321230?
-313022
In base 12, what is -1731 - -118?
-1615
In base 12, what is 45557 - -5?
45560
In base 8, what is -154156 - -5?
-154151
In base 14, what is b + -6cc6?
-6cb9
In base 16, what is 980 - -5b7?
f37
In base 13, what is -7a + 167c7?
1674a
In base 5, what is -20 - -34232?
34212
In base 6, what is 4213 + -114?
4055
In base 5, what is -434 + -424412?
-430401
In base 14, what is -60556 + 3?
-60553
In base 16, what is 5d + 1b0?
20d
In base 10, what is -65 - 7?
-72
In base 5,